{"id":18,"date":"2020-04-25T10:37:21","date_gmt":"2020-04-25T10:37:21","guid":{"rendered":"http:\/\/auberge-aux-marais.net\/?page_id=18"},"modified":"2021-07-09T08:46:11","modified_gmt":"2021-07-09T08:46:11","slug":"le-jardin","status":"publish","type":"page","link":"http:\/\/auberge-aux-marais.net\/?page_id=18","title":{"rendered":"Le Jardin"},"content":{"rendered":"\t\t<div data-elementor-type=\"wp-page\" data-elementor-id=\"18\" class=\"elementor elementor-18\" data-elementor-settings=\"[]\">\n\t\t\t<div class=\"elementor-inner\">\n\t\t\t\t<div class=\"elementor-section-wrap\">\n\t\t\t\t\t\t\t<section class=\"elementor-element elementor-element-51eaafd elementor-section-boxed elementor-section-height-default elementor-section-height-default elementor-section elementor-top-section\" data-id=\"51eaafd\" data-element_type=\"section\">\n\t\t\t\t\t\t<div class=\"elementor-container elementor-column-gap-default\">\n\t\t\t\t<div class=\"elementor-row\">\n\t\t\t\t<div class=\"elementor-element elementor-element-d7895ef elementor-column elementor-col-100 elementor-top-column\" data-id=\"d7895ef\" data-element_type=\"column\">\n\t\t\t<div class=\"elementor-column-wrap  elementor-element-populated\">\n\t\t\t\t\t<div class=\"elementor-widget-wrap\">\n\t\t\t\t<div class=\"elementor-element elementor-element-4ef3099 elementor-widget elementor-widget-image\" data-id=\"4ef3099\" data-element_type=\"widget\" data-widget_type=\"image.default\">\n\t\t\t\t<div class=\"elementor-widget-container\">\n\t\t\t\t\t<div class=\"elementor-image\">\n\t\t\t\t\t\t\t\t\t\t<img width=\"851\" height=\"501\" src=\"http:\/\/auberge-aux-marais.net\/wp-content\/uploads\/2021\/06\/jardin-2021.jpg\" class=\"attachment-large size-large\" alt=\"\" decoding=\"async\" loading=\"lazy\" srcset=\"http:\/\/auberge-aux-marais.net\/wp-content\/uploads\/2021\/06\/jardin-2021.jpg 851w, http:\/\/auberge-aux-marais.net\/wp-content\/uploads\/2021\/06\/jardin-2021-300x177.jpg 300w, http:\/\/auberge-aux-marais.net\/wp-content\/uploads\/2021\/06\/jardin-2021-768x452.jpg 768w, http:\/\/auberge-aux-marais.net\/wp-content\/uploads\/2021\/06\/jardin-2021-830x489.jpg 830w, http:\/\/auberge-aux-marais.net\/wp-content\/uploads\/2021\/06\/jardin-2021-230x135.jpg 230w, http:\/\/auberge-aux-marais.net\/wp-content\/uploads\/2021\/06\/jardin-2021-350x206.jpg 350w, http:\/\/auberge-aux-marais.net\/wp-content\/uploads\/2021\/06\/jardin-2021-480x283.jpg 480w\" sizes=\"(max-width: 851px) 100vw, 851px\" \/>\t\t\t\t\t\t\t\t\t\t\t<\/div>\n\t\t\t\t<\/div>\n\t\t\t\t<\/div>\n\t\t\t\t\t\t<\/div>\n\t\t\t<\/div>\n\t\t<\/div>\n\t\t\t\t\t\t<\/div>\n\t\t\t<\/div>\n\t\t<\/section>\n\t\t\t\t<section class=\"elementor-element elementor-element-7751af80 elementor-section-boxed elementor-section-height-default elementor-section-height-default elementor-section elementor-top-section\" data-id=\"7751af80\" data-element_type=\"section\">\n\t\t\t\t\t\t<div class=\"elementor-container elementor-column-gap-default\">\n\t\t\t\t<div class=\"elementor-row\">\n\t\t\t\t<div class=\"elementor-element elementor-element-302fa359 elementor-column elementor-col-100 elementor-top-column\" data-id=\"302fa359\" data-element_type=\"column\">\n\t\t\t<div class=\"elementor-column-wrap  elementor-element-populated\">\n\t\t\t\t\t<div class=\"elementor-widget-wrap\">\n\t\t\t\t<div class=\"elementor-element elementor-element-6eb8c568 elementor-widget elementor-widget-text-editor\" data-id=\"6eb8c568\" data-element_type=\"widget\" data-widget_type=\"text-editor.default\">\n\t\t\t\t<div class=\"elementor-widget-container\">\n\t\t\t\t\t<div class=\"elementor-text-editor elementor-clearfix\"><p><!-- wp:paragraph --><\/p>\n<p><strong><em>Vous pourrez venir vous d\u00e9tendre dans notre grand jardin de plus de 1600 m2, o\u00f9 est implant\u00e9e une aire de jeux pour les plus petits et les plus grands.<\/em><\/strong><\/p>\n<p><!-- \/wp:paragraph --><\/p>\n<p><!-- wp:image {\"id\":89} --><\/p>\n<figure class=\"wp-block-image\"><img decoding=\"async\" loading=\"lazy\" class=\"alignnone size-medium wp-image-283\" src=\"http:\/\/auberge-aux-marais.net\/wp-content\/uploads\/2020\/06\/JARDIN1-300x169.jpg\" alt=\"\" width=\"300\" height=\"169\" srcset=\"http:\/\/auberge-aux-marais.net\/wp-content\/uploads\/2020\/06\/JARDIN1-300x169.jpg 300w, http:\/\/auberge-aux-marais.net\/wp-content\/uploads\/2020\/06\/JARDIN1-768x432.jpg 768w, http:\/\/auberge-aux-marais.net\/wp-content\/uploads\/2020\/06\/JARDIN1-1024x576.jpg 1024w, http:\/\/auberge-aux-marais.net\/wp-content\/uploads\/2020\/06\/JARDIN1-830x467.jpg 830w, http:\/\/auberge-aux-marais.net\/wp-content\/uploads\/2020\/06\/JARDIN1-230x129.jpg 230w, http:\/\/auberge-aux-marais.net\/wp-content\/uploads\/2020\/06\/JARDIN1-350x197.jpg 350w, http:\/\/auberge-aux-marais.net\/wp-content\/uploads\/2020\/06\/JARDIN1-480x270.jpg 480w, http:\/\/auberge-aux-marais.net\/wp-content\/uploads\/2020\/06\/JARDIN1.jpg 1548w\" sizes=\"(max-width: 300px) 100vw, 300px\" \/><\/figure>\n<p><!-- \/wp:image --><\/p>\n<p><!-- wp:media-text {\"mediaId\":123,\"mediaType\":\"image\",\"mediaWidth\":25} --><\/p>\n<div class=\"wp-block-media-text alignwide\" style=\"grid-template-columns: 25% auto;\">\n<figure class=\"wp-block-media-text__media\"><img decoding=\"async\" loading=\"lazy\" class=\"alignnone size-medium wp-image-282\" src=\"http:\/\/auberge-aux-marais.net\/wp-content\/uploads\/2020\/06\/JARDIN01-300x169.jpg\" alt=\"\" width=\"300\" height=\"169\" srcset=\"http:\/\/auberge-aux-marais.net\/wp-content\/uploads\/2020\/06\/JARDIN01-300x169.jpg 300w, http:\/\/auberge-aux-marais.net\/wp-content\/uploads\/2020\/06\/JARDIN01-768x432.jpg 768w, http:\/\/auberge-aux-marais.net\/wp-content\/uploads\/2020\/06\/JARDIN01-1024x576.jpg 1024w, http:\/\/auberge-aux-marais.net\/wp-content\/uploads\/2020\/06\/JARDIN01-830x467.jpg 830w, http:\/\/auberge-aux-marais.net\/wp-content\/uploads\/2020\/06\/JARDIN01-230x129.jpg 230w, http:\/\/auberge-aux-marais.net\/wp-content\/uploads\/2020\/06\/JARDIN01-350x197.jpg 350w, http:\/\/auberge-aux-marais.net\/wp-content\/uploads\/2020\/06\/JARDIN01-480x270.jpg 480w, http:\/\/auberge-aux-marais.net\/wp-content\/uploads\/2020\/06\/JARDIN01.jpg 1548w\" sizes=\"(max-width: 300px) 100vw, 300px\" \/><\/figure>\n<div class=\"wp-block-media-text__content\">\n<p><!-- wp:paragraph --><\/p>\n<p><strong><em>Un grand Parking priv\u00e9 et ferm\u00e9 apr\u00e8s 23h00, est \u00e0 votre disposition<\/em><\/strong><\/p>\n<p><!-- \/wp:paragraph --><\/p>\n<\/div>\n<\/div>\n<p><!-- \/wp:media-text --><\/p><\/div>\n\t\t\t\t<\/div>\n\t\t\t\t<\/div>\n\t\t\t\t\t\t<\/div>\n\t\t\t<\/div>\n\t\t<\/div>\n\t\t\t\t\t\t<\/div>\n\t\t\t<\/div>\n\t\t<\/section>\n\t\t\t\t<section class=\"elementor-element elementor-element-c4e950d elementor-section-boxed elementor-section-height-default elementor-section-height-default elementor-section elementor-top-section\" data-id=\"c4e950d\" data-element_type=\"section\">\n\t\t\t\t\t\t<div class=\"elementor-container elementor-column-gap-default\">\n\t\t\t\t<div class=\"elementor-row\">\n\t\t\t\t<div class=\"elementor-element elementor-element-a8a33a5 elementor-column elementor-col-100 elementor-top-column\" data-id=\"a8a33a5\" data-element_type=\"column\">\n\t\t\t<div class=\"elementor-column-wrap  elementor-element-populated\">\n\t\t\t\t\t<div class=\"elementor-widget-wrap\">\n\t\t\t\t<div class=\"elementor-element elementor-element-7b576a2 elementor-widget elementor-widget-image\" data-id=\"7b576a2\" data-element_type=\"widget\" data-widget_type=\"image.default\">\n\t\t\t\t<div class=\"elementor-widget-container\">\n\t\t\t\t\t<div class=\"elementor-image\">\n\t\t\t\t\t\t\t\t\t\t<img width=\"1024\" height=\"576\" src=\"http:\/\/auberge-aux-marais.net\/wp-content\/uploads\/2020\/06\/JARDIN02-1024x576.jpg\" class=\"attachment-large size-large\" alt=\"\" decoding=\"async\" loading=\"lazy\" srcset=\"http:\/\/auberge-aux-marais.net\/wp-content\/uploads\/2020\/06\/JARDIN02-1024x576.jpg 1024w, http:\/\/auberge-aux-marais.net\/wp-content\/uploads\/2020\/06\/JARDIN02-300x169.jpg 300w, http:\/\/auberge-aux-marais.net\/wp-content\/uploads\/2020\/06\/JARDIN02-768x432.jpg 768w, http:\/\/auberge-aux-marais.net\/wp-content\/uploads\/2020\/06\/JARDIN02-830x467.jpg 830w, http:\/\/auberge-aux-marais.net\/wp-content\/uploads\/2020\/06\/JARDIN02-230x129.jpg 230w, http:\/\/auberge-aux-marais.net\/wp-content\/uploads\/2020\/06\/JARDIN02-350x197.jpg 350w, http:\/\/auberge-aux-marais.net\/wp-content\/uploads\/2020\/06\/JARDIN02-480x270.jpg 480w, http:\/\/auberge-aux-marais.net\/wp-content\/uploads\/2020\/06\/JARDIN02.jpg 1548w\" sizes=\"(max-width: 1024px) 100vw, 1024px\" \/>\t\t\t\t\t\t\t\t\t\t\t<\/div>\n\t\t\t\t<\/div>\n\t\t\t\t<\/div>\n\t\t\t\t\t\t<\/div>\n\t\t\t<\/div>\n\t\t<\/div>\n\t\t\t\t\t\t<\/div>\n\t\t\t<\/div>\n\t\t<\/section>\n\t\t\t\t<section class=\"elementor-element elementor-element-5a2023a elementor-section-boxed elementor-section-height-default elementor-section-height-default elementor-section elementor-top-section\" data-id=\"5a2023a\" data-element_type=\"section\">\n\t\t\t\t\t\t<div class=\"elementor-container elementor-column-gap-default\">\n\t\t\t\t<div class=\"elementor-row\">\n\t\t\t\t<div class=\"elementor-element elementor-element-49802b5 elementor-column elementor-col-100 elementor-top-column\" data-id=\"49802b5\" data-element_type=\"column\">\n\t\t\t<div class=\"elementor-column-wrap  elementor-element-populated\">\n\t\t\t\t\t<div class=\"elementor-widget-wrap\">\n\t\t\t\t<div class=\"elementor-element elementor-element-d2bda5f elementor-widget elementor-widget-image\" data-id=\"d2bda5f\" data-element_type=\"widget\" data-widget_type=\"image.default\">\n\t\t\t\t<div class=\"elementor-widget-container\">\n\t\t\t\t\t<div class=\"elementor-image\">\n\t\t\t\t\t\t\t\t\t\t<img width=\"1024\" height=\"576\" src=\"http:\/\/auberge-aux-marais.net\/wp-content\/uploads\/2020\/06\/aire-de-jeux.png1_-1024x576.jpg\" class=\"attachment-large size-large\" alt=\"\" decoding=\"async\" loading=\"lazy\" srcset=\"http:\/\/auberge-aux-marais.net\/wp-content\/uploads\/2020\/06\/aire-de-jeux.png1_-1024x576.jpg 1024w, http:\/\/auberge-aux-marais.net\/wp-content\/uploads\/2020\/06\/aire-de-jeux.png1_-300x169.jpg 300w, http:\/\/auberge-aux-marais.net\/wp-content\/uploads\/2020\/06\/aire-de-jeux.png1_-768x432.jpg 768w, http:\/\/auberge-aux-marais.net\/wp-content\/uploads\/2020\/06\/aire-de-jeux.png1_-830x467.jpg 830w, http:\/\/auberge-aux-marais.net\/wp-content\/uploads\/2020\/06\/aire-de-jeux.png1_-230x129.jpg 230w, http:\/\/auberge-aux-marais.net\/wp-content\/uploads\/2020\/06\/aire-de-jeux.png1_-350x197.jpg 350w, http:\/\/auberge-aux-marais.net\/wp-content\/uploads\/2020\/06\/aire-de-jeux.png1_-480x270.jpg 480w, http:\/\/auberge-aux-marais.net\/wp-content\/uploads\/2020\/06\/aire-de-jeux.png1_.jpg 2048w\" sizes=\"(max-width: 1024px) 100vw, 1024px\" \/>\t\t\t\t\t\t\t\t\t\t\t<\/div>\n\t\t\t\t<\/div>\n\t\t\t\t<\/div>\n\t\t\t\t\t\t<\/div>\n\t\t\t<\/div>\n\t\t<\/div>\n\t\t\t\t\t\t<\/div>\n\t\t\t<\/div>\n\t\t<\/section>\n\t\t\t\t\t\t<\/div>\n\t\t\t<\/div>\n\t\t<\/div>\n\t\t","protected":false},"excerpt":{"rendered":"<p>Vous pourrez venir vous d\u00e9tendre dans notre grand jardin de plus de 1600 m2, o\u00f9 est implant\u00e9e une aire de jeux pour les plus petits et les plus grands. Un grand Parking priv\u00e9 et ferm\u00e9 apr\u00e8s 23h00, est \u00e0 votre disposition<\/p>\n","protected":false},"author":1,"featured_media":0,"parent":0,"menu_order":0,"comment_status":"closed","ping_status":"closed","template":"","meta":[],"_links":{"self":[{"href":"http:\/\/auberge-aux-marais.net\/index.php?rest_route=\/wp\/v2\/pages\/18"}],"collection":[{"href":"http:\/\/auberge-aux-marais.net\/index.php?rest_route=\/wp\/v2\/pages"}],"about":[{"href":"http:\/\/auberge-aux-marais.net\/index.php?rest_route=\/wp\/v2\/types\/page"}],"author":[{"embeddable":true,"href":"http:\/\/auberge-aux-marais.net\/index.php?rest_route=\/wp\/v2\/users\/1"}],"replies":[{"embeddable":true,"href":"http:\/\/auberge-aux-marais.net\/index.php?rest_route=%2Fwp%2Fv2%2Fcomments&post=18"}],"version-history":[{"count":14,"href":"http:\/\/auberge-aux-marais.net\/index.php?rest_route=\/wp\/v2\/pages\/18\/revisions"}],"predecessor-version":[{"id":401,"href":"http:\/\/auberge-aux-marais.net\/index.php?rest_route=\/wp\/v2\/pages\/18\/revisions\/401"}],"wp:attachment":[{"href":"http:\/\/auberge-aux-marais.net\/index.php?rest_route=%2Fwp%2Fv2%2Fmedia&parent=18"}],"curies":[{"name":"wp","href":"https:\/\/api.w.org\/{rel}","templated":true}]}}